.
35c
What is -21202100 (base 3) in base 9?
-7670
What is -103133 (base 4) in base 15?
-582
Convert 506 (base 9) to base 3.
120020
Convert 510 (base 7) to base 6.
1100
222000210 (base 3) to base 4
10220133
322 (base 12) to base 3
121222
What is 5a25 (base 11) in base 5?
223032
Convert 25a (base 12) to base 2.
101100110
21909 (base 11) to base 15
95e1
201100 (base 3) to base 13
312
What is -6d7 (base 16) in base 12?
-101b
Convert -2ba (base 15) to base 10.
-625
What is 6539 (base 11) in base 10?
8633
What is 4601 (base 8) in base 14?
c5b
Convert a785 (base 12) to base 15.
56ae
28545 (base 9) to base 7
110363
What is -6da (base 14) in base 8?
-2530
What is 10664 (base 7) in base 2?
101010110101
Convert -492 (base 11) to base 12.
-409
What is 175 (base 8) in base 3?
11122
-6399 (base 10) to base 3
-22210000
21010 (base 3) to base 2
11000000
Convert 160 (base 13) to base 11.
205
Convert -512 (base 8) to base 6.
-1310
What is -71b (base 16) in base 5?
-24234
100111101001 (base 2) to base 16
9e9
What is -1633 (base 7) in base 16?
-295
-100001111 (base 2) to base 3
-101001
What is -1021200011 (base 3) in base 2?
-110001010111100
11359 (base 11) to base 2
100000000001111
Convert -111000010100001 (base 2) to base 7.
-150030
What is 147 (base 10) in base 15?
9c
What is -2011414 (base 5) in base 12?
-166b9
Convert 11001001100110 (base 2) to base 11.
976a
Convert -1000000011001 (base 2) to base 4.
-1000121
Convert -22031 (base 5) to base 9.
-2064
What is 5021 (base 6) in base 15?
4cd
What is -b37 (base 12) in base 11?
-124a
Convert 425 (base 8) to base 11.
232
-4018 (base 9) to base 7
-11360
-100111110 (base 2) to base 12
-226
What is -2410 (base 5) in base 4?
-11203
What is 22451 (base 8) in base 16?
2529
What is -1756 (base 12) in base 11?
-2118
What is 11767 (base 10) in base 7?
46210
Convert -11521 (base 7) to base 16.
-bbc
Convert 1120201120 (base 3) to base 2.
111100110101010
Convert 112114 (base 5) to base 3.
12112102
Convert a7 (base 11) to base 12.
99
36e (base 16) to base 6
4022
Convert -8265 (base 13) to base 8.
-43115
Convert 757b (base 12) to base 14.
49c3
What is -3074 (base 11) in base 16?
-fea
23002 (base 4) to base 12
4aa
Convert -100101101010110 (base 2) to base 7.
-110141
What is -1213 (base 5) in base 10?
-183
What is 12767 (base 10) in base 5?
402032
What is 791 (base 13) in base 16?
515
Convert -3444 (base 7) to base 6.
-5453
Convert 33a1 (base 16) to base 6.
141105
d29 (base 15) to base 10
2964
Convert 3075 (base 9) to base 3.
10002112
What is e44b (base 15) in base 4?
23301131
-217 (base 10) to base 4
-3121
What is -111 (base 3) in base 12?
-11
Convert 11232210 (base 4) to base 11.
16698
What is -2132 (base 7) in base 15?
-358
91c4 (base 16) to base 6
444432
Convert 31935 (base 12) to base 15.
14518
Convert -10111101111001 (base 2) to base 11.
-9149
What is 3491 (base 12) in base 9?
8041
Convert -56962 (base 10) to base 13.
-1cc09
What is -105215 (base 7) in base 10?
-18632
What is 2543 (base 6) in base 13?
3a2
Convert -23184 (base 10) to base 14.
-8640
What is e7b (base 16) in base 2?
111001111011
Convert -5016 (base 7) to base 12.
-1000
What is -151353 (base 6) in base 7?
-60414
-6b (base 14) to base 5
-340
-323332 (base 4) to base 10
-3838
54b7 (base 15) to base 6
215031
What is 15ee (base 16) in base 3?
21200221
What is -2225 (base 14) in base 7?
-23145
3206 (base 11) to base 10
4241
What is -2214 (base 5) in base 6?
-1233
Convert 1096 (base 11) to base 5.
21221
Convert -534 (base 8) to base 6.
-1340
Convert -1ccc (base 13) to base 3.
-20000201
4 (base 8) to base 11
4
What is 47253 (base 9) in base 8?
75505
Convert -344522 (base 6) to base 8.
-71602
-125 (base 12) to base 3
-20102
Convert -285 (base 16) to base 7.
-1611
-2201 (base 8) to base 11
-959
-155 (base 16) to base 6
-1325
24 (base 7) to base 10
18
Convert 637 (base 9) to base 7.
1342
-234 (base 9) to base 7
-364
What is -cbb (base 16) in base 8?
-6273
What is 13260 (base 11) in base 12?
ab66
-2a6 (base 13) to base 6
-2110
What is -6b72 (base 12) in base 11?
-9054
-6803 (base 9) to base 5
-130100
What is -11001102 (base 3) in base 4?
-232022
-2011110 (base 3) to base 9
-2143
100001110110 (base 2) to base 13
ca8
28814 (base 9) to base 13
8c0b
What is 1112010112 (base 3) in base 8?
72440
-86a3 (base 15) to base 7
-146046
75113 (base 9) to base 10
49665
Convert -15027 (base 9) to base 10.
-10231
What is 3103 (base 4) in base 13?
133
-5231 (base 10) to base 2
-1010001101111
1011100010010101 (base 2) to base 9
71733
What is -464 (base 13) in base 9?
-1032
Convert -6261 (base 7) to base 8.
-4227
What is 28825 (base 12) in base 4?
31302131
What is -1100111101 (base 2) in base 7?
-2263
Convert 2030221 (base 4) to base 8.
21451
What is -1745 (base 9) in base 8?
-2471
870 (base 12) to base 10
1236
What is -229b (base 15) in base 7?
-30263
Convert -1111010110 (base 2) to base 10.
-982
b1 (base 14) to base 9
182
11a (base 16) to base 14
162
What is 12444 (base 6) in base 4?
131230
-203313 (base 5) to base 10
-6708
Convert -67019 (base 10) to base 11.
-46397
-470 (base 10) to base 4
-13112
What is 1036 (base 11) in base 14?
6dc
Convert 185 (base 15) to base 4.
11132
-2002012010 (base 3) to base 8
-120002
101100111001100 (base 2) to base 9
34472
What is 447 (base 8) in base 7?
601
114022 (base 5) to base 8
10246
What is 243 (base 12) in base 8?
523
-2330123 (base 4) to base 15
-388e
-1000100010111 (base 2) to base 3
-20000001
Convert -51aa (base 11) to base 12.
-3ba8
Convert -2441 (base 5) to base 14.
-1c7
Convert 3164 (base 9) to base 10.
2326
Convert 178 (base 15) to base 5.
2323
Convert 40a (base 15) to base 7.
2440
What is 41a5a (base 11) in base 9?
102816
Convert -2341 (base 6) to base 5.
-4230
What is 111203121 (base 4) in base 10?
88281
Convert 100a (base 13) to base 5.
32312
Convert -633 (base 7) to base 8.
-476
Convert -421540 (base 7) to base 16.
-11bc6
-103 (base 4) to base 14
-15
Convert -1306 (base 7) to base 8.
-760
101101101 (base 2) to base 15
195
-13076 (base 11) to base 16
-491d
What is -422 (base 7) in base 12?
-158
What is -13204 (base 7) in base 6?
-24204
307 (base 10) to base 8
463
What is 110021 (base 3) in base 11?
281
-100000100101000 (base 2) to base 14
-6116
What is 2116 (base 7) in base 2?
1011101100
43ba (base 13) to base 2
10010011101000
Convert -726 (base 9) to base 15.
-296
Convert -22112100 (base 3) to base 9.
-8470
What is -12420 (base 5) in base 12?
-6a1
What is 9c4 (base 15) in base 7?
6304
Convert 210001 (base 3) to base 15.
27d
What is -122001201 (base 3) in base 6?
-133331
-101111 (base 3) to base 8
-433
Convert 100010010111100 (base 2) to base 9.
26121
What is 111011101 (base 2) in base 8?
735
What is -55536 (base 8) in base 2?
-101101101011110
What is -ec9 (base 15) in base 5?
-101324
Convert 11995 (base 10) to base 13.
55c9
Convert -33465 (base 8) to base 4.
-3130311
4305 (base 14) to base 8
26461
-30498 (base 10) to base 14
-b186
What is 121211012 (base 3) in base 15?
3978
What is 1a756 (base 12) in base 15?
b8b0
-120202 (base 3) to base 13
-269
Convert a467 (base 13) to base 12.
111a3
Convert -626 (base 7) to base 15.
-15e
-10101111101 (base 2) to base 13
-841
Convert 221031 (base 6) to base 7.
104404
Convert 32043 (base 5) to base 16.
864
10023 (base 5) to base 6
2542
What is -26651 (base 8) in base 2?
-10110110101001
What is -4312 (base 6) in base 14?
-500
221 (base 5) to base 10
61
-1215 (base 7) to base 3
-121210
What is -230504 (base 6) in base 12?
-b434
-535555 (base 6) to base 3
-2020102222
92f (base 16) to base 4
210233
635 (base 7) to base 13
1b8
Convert -20 (base 9) to base 2.
-10010
What is -30015 (base 6) in base 7?
-14240
Convert 1536 (base 9) to base 12.
813
What is -636 (base 7) in base 2?
-101000001
199 (base 11) to base 14
125
-1151 (base 6) to base 7
-553
What is 319 (base 15) in base 7?
2016
What is -2011012 (base 3) in base 10?
-1571
Convert -105112 (base 6) to base 15.
-2985
Convert -1f (base 16) to base 9.
-34
What is 12005 (base 6) in base 2?
11011000101
Convert -56320 (base 8) to base 10.
-23760
Convert 1193 (base 10) to base 3.
1122012
What is 100011010011011 (base 2) in base 15?
5550
-4125 (base 9) to base 3
-11010212
What is 31 (base 6) in base 15?
14
Convert -2426 (base 7) to base 16.
-386
Convert d5b (base 